{"id":2183,"date":"2025-03-26T19:38:55","date_gmt":"2025-03-26T19:38:55","guid":{"rendered":"http:\/\/www.tc-rot-weiss-froendenberg.de\/?page_id=2183"},"modified":"2025-03-26T19:43:13","modified_gmt":"2025-03-26T19:43:13","slug":"tc-rw-froendenberg-app","status":"publish","type":"page","link":"http:\/\/www.tc-rot-weiss-froendenberg.de\/?page_id=2183","title":{"rendered":"TC RW APP"},"content":{"rendered":"\n<p>Hier findet Ihr alle aktuellen News, Infos, Events, Ergebnisse, Eindr\u00fccke und alles Wissenswerte \u00fcber Euren Verein. Eine Platzbuchung ist \u00fcber die App nat\u00fcrlich auch m\u00f6glich. <\/p>\n\n\n\n<p>Ein Klick und Du bist dabei!<\/p>\n\n\n\n<p><a href=\"https:\/\/www.tennis-club.net\/store\/id\/5386\">https:\/\/www.tennis-club.net\/store\/id\/5386<\/a><br><\/p>\n\n\n\n<p><\/p>\n\n\n\n<p><\/p>\n\n\t<span class=\"fbreplace\">\n\t<!-- FBML <div class=\"fb-like\" data-href=\"http:\/\/www.tc-rot-weiss-froendenberg.de\/?page_id=2183\" data-send=\"true\" data-layout=\"standard\" data-width=\"450\" show_faces=\"true\" data-action=\"like\" data-font=\"\" style=\"margin: 0px 0px 0px 0px;\"><\/div> FBML -->\n\t<\/span>\n\t\n","protected":false},"excerpt":{"rendered":"<p>Hier findet Ihr alle aktuellen News, Infos, Events, Ergebnisse, Eindr\u00fccke und alles Wissenswerte \u00fcber Euren Verein. Eine Platzbuchung ist \u00fcber die App nat\u00fcrlich auch m\u00f6glich. Ein Klick und Du bist dabei! https:\/\/www.tennis-club.net\/store\/id\/5386<\/p>\n","protected":false},"author":4,"featured_media":0,"parent":0,"menu_order":0,"comment_status":"closed","ping_status":"closed","template":"","meta":{"footnotes":""},"class_list":["post-2183","page","type-page","status-publish","hentry"],"_links":{"self":[{"href":"http:\/\/www.tc-rot-weiss-froendenberg.de\/index.php?rest_route=\/wp\/v2\/pages\/2183","targetHints":{"allow":["GET"]}}],"collection":[{"href":"http:\/\/www.tc-rot-weiss-froendenberg.de\/index.php?rest_route=\/wp\/v2\/pages"}],"about":[{"href":"http:\/\/www.tc-rot-weiss-froendenberg.de\/index.php?rest_route=\/wp\/v2\/types\/page"}],"author":[{"embeddable":true,"href":"http:\/\/www.tc-rot-weiss-froendenberg.de\/index.php?rest_route=\/wp\/v2\/users\/4"}],"replies":[{"embeddable":true,"href":"http:\/\/www.tc-rot-weiss-froendenberg.de\/index.php?rest_route=%2Fwp%2Fv2%2Fcomments&post=2183"}],"version-history":[{"count":4,"href":"http:\/\/www.tc-rot-weiss-froendenberg.de\/index.php?rest_route=\/wp\/v2\/pages\/2183\/revisions"}],"predecessor-version":[{"id":2188,"href":"http:\/\/www.tc-rot-weiss-froendenberg.de\/index.php?rest_route=\/wp\/v2\/pages\/2183\/revisions\/2188"}],"wp:attachment":[{"href":"http:\/\/www.tc-rot-weiss-froendenberg.de\/index.php?rest_route=%2Fwp%2Fv2%2Fmedia&parent=2183"}],"curies":[{"name":"wp","href":"https:\/\/api.w.org\/{rel}","templated":true}]}}