{"id":416,"date":"2012-09-25T11:33:29","date_gmt":"2012-09-25T11:33:29","guid":{"rendered":"http:\/\/www.tc-rot-weiss-froendenberg.de\/?page_id=416"},"modified":"2022-10-10T13:52:50","modified_gmt":"2022-10-10T13:52:50","slug":"bildergalerien","status":"publish","type":"page","link":"https:\/\/www.tc-rot-weiss-froendenberg.de\/?page_id=416","title":{"rendered":"Bildergalerie"},"content":{"rendered":"<p><strong>Schleifchenturnier am 17.09.2022<a href=\"http:\/\/www.tc-rot-weiss-froendenberg.de\/?p=1805\"><img loading=\"lazy\" decoding=\"async\" class=\"alignleft size-full wp-image-1510\" src=\"http:\/\/www.tc-rot-weiss-froendenberg.de\/wp-content\/uploads\/2022\/10\/20220925_182330.jpg\" alt=\"41\" width=\"1024\" height=\"576\" \/><\/a><\/strong><br \/>\n<em>Klicken Sie auf das Bild, um die Bildergalerie aufzurufen.<\/em><\/p>\n<hr \/>\n<p><strong>Clubmeisterschaften 2019<a href=\"http:\/\/www.tc-rot-weiss-froendenberg.de\/Clubmeisterschaften_2019\/index.html\"><img loading=\"lazy\" decoding=\"async\" class=\"alignleft size-full wp-image-1510\" src=\"http:\/\/www.tc-rot-weiss-froendenberg.de\/wp-content\/uploads\/2012\/09\/41.jpg\" alt=\"41\" width=\"1024\" height=\"576\" srcset=\"https:\/\/www.tc-rot-weiss-froendenberg.de\/wp-content\/uploads\/2012\/09\/41.jpg 1024w, https:\/\/www.tc-rot-weiss-froendenberg.de\/wp-content\/uploads\/2012\/09\/41-300x168.jpg 300w, https:\/\/www.tc-rot-weiss-froendenberg.de\/wp-content\/uploads\/2012\/09\/41-500x281.jpg 500w, https:\/\/www.tc-rot-weiss-froendenberg.de\/wp-content\/uploads\/2012\/09\/41-900x506.jpg 900w\" sizes=\"auto, (max-width: 1024px) 100vw, 1024px\" \/><\/a><\/strong><br \/>\n<em>Klicken Sie auf das Bild, um die Bildergalerie aufzurufen.<\/em><\/p>\n<hr \/>\n<p><strong>Integrationscup 2019<br \/>\n<a href=\"http:\/\/www.tc-rot-weiss-froendenberg.de\/Integrationscup_2019\/index.html\"><img loading=\"lazy\" decoding=\"async\" class=\"alignleft size-full wp-image-1497\" src=\"http:\/\/www.tc-rot-weiss-froendenberg.de\/wp-content\/uploads\/2019\/09\/3.jpg\" alt=\"3\" width=\"1024\" height=\"768\" srcset=\"https:\/\/www.tc-rot-weiss-froendenberg.de\/wp-content\/uploads\/2019\/09\/3.jpg 1024w, https:\/\/www.tc-rot-weiss-froendenberg.de\/wp-content\/uploads\/2019\/09\/3-300x225.jpg 300w, https:\/\/www.tc-rot-weiss-froendenberg.de\/wp-content\/uploads\/2019\/09\/3-400x300.jpg 400w, https:\/\/www.tc-rot-weiss-froendenberg.de\/wp-content\/uploads\/2019\/09\/3-900x675.jpg 900w\" sizes=\"auto, (max-width: 1024px) 100vw, 1024px\" \/><\/a><br \/>\n<\/strong><\/p>\n<p><em>\u00a0<\/em><\/p>\n<hr \/>\n<p><strong>Vereinspokal 2019<br \/>\n<a href=\"http:\/\/www.tc-rot-weiss-froendenberg.de\/Vereinspokal_2019\/index.html\"><img loading=\"lazy\" decoding=\"async\" class=\"alignleft size-full wp-image-1474\" src=\"http:\/\/www.tc-rot-weiss-froendenberg.de\/wp-content\/uploads\/2012\/09\/4.jpg\" alt=\"4\" width=\"1024\" height=\"576\" srcset=\"https:\/\/www.tc-rot-weiss-froendenberg.de\/wp-content\/uploads\/2012\/09\/4.jpg 1024w, https:\/\/www.tc-rot-weiss-froendenberg.de\/wp-content\/uploads\/2012\/09\/4-300x168.jpg 300w, https:\/\/www.tc-rot-weiss-froendenberg.de\/wp-content\/uploads\/2012\/09\/4-500x281.jpg 500w, https:\/\/www.tc-rot-weiss-froendenberg.de\/wp-content\/uploads\/2012\/09\/4-900x506.jpg 900w\" sizes=\"auto, (max-width: 1024px) 100vw, 1024px\" \/><\/a><br \/>\n<\/strong><\/p>\n<p><em>Klicken Sie auf das Bild, um die Bildergalerie aufzurufen.<\/em><\/p>\n<hr \/>\n<p><strong>Sommerfest mit Schleifchentunier 2019<br \/>\n<a href=\"http:\/\/www.tc-rot-weiss-froendenberg.de\/Sommerfest_Schleifchentunier_2019\/index.html\"><img loading=\"lazy\" decoding=\"async\" class=\"alignleft size-large wp-image-1440\" src=\"http:\/\/www.tc-rot-weiss-froendenberg.de\/wp-content\/uploads\/2019\/06\/20190622_212156-1024x576.jpg\" alt=\"20190622_212156\" width=\"584\" height=\"328\" srcset=\"https:\/\/www.tc-rot-weiss-froendenberg.de\/wp-content\/uploads\/2019\/06\/20190622_212156-1024x576.jpg 1024w, https:\/\/www.tc-rot-weiss-froendenberg.de\/wp-content\/uploads\/2019\/06\/20190622_212156-300x168.jpg 300w, https:\/\/www.tc-rot-weiss-froendenberg.de\/wp-content\/uploads\/2019\/06\/20190622_212156-500x281.jpg 500w, https:\/\/www.tc-rot-weiss-froendenberg.de\/wp-content\/uploads\/2019\/06\/20190622_212156-900x506.jpg 900w\" sizes=\"auto, (max-width: 584px) 100vw, 584px\" \/><\/a><\/strong><\/p>\n<p><em>Klicken Sie auf das Bild, um die Bildergalerie aufzurufen.<\/em><\/p>\n<hr \/>\n<p><strong>Anspielfest 2019<br \/>\n<a href=\"http:\/\/www.tc-rot-weiss-froendenberg.de\/Anspielfest_2019\/index.html\"><img loading=\"lazy\" decoding=\"async\" class=\"alignleft wp-image-1427 size-full\" src=\"http:\/\/www.tc-rot-weiss-froendenberg.de\/wp-content\/uploads\/2019\/05\/Anspielfest-1.jpg\" alt=\"dav\" width=\"800\" height=\"800\" srcset=\"https:\/\/www.tc-rot-weiss-froendenberg.de\/wp-content\/uploads\/2019\/05\/Anspielfest-1.jpg 800w, https:\/\/www.tc-rot-weiss-froendenberg.de\/wp-content\/uploads\/2019\/05\/Anspielfest-1-150x150.jpg 150w, https:\/\/www.tc-rot-weiss-froendenberg.de\/wp-content\/uploads\/2019\/05\/Anspielfest-1-300x300.jpg 300w, https:\/\/www.tc-rot-weiss-froendenberg.de\/wp-content\/uploads\/2019\/05\/Anspielfest-1-144x144.jpg 144w\" sizes=\"auto, (max-width: 800px) 100vw, 800px\" \/><\/a><\/strong><\/p>\n<p>Klicken Sie auf das Bild, um die Bildergalerie aufzurufen.<\/p>\n<hr \/>\n<p><strong>Tenniscamp 2018<br \/>\n<em><a href=\"http:\/\/www.tc-rot-weiss-froendenberg.de\/Tenniscamp_2018\/index.html\"><img loading=\"lazy\" decoding=\"async\" class=\"alignleft size-full wp-image-1406\" src=\"http:\/\/www.tc-rot-weiss-froendenberg.de\/wp-content\/uploads\/2018\/08\/1.jpg\" alt=\"1\" width=\"800\" height=\"600\" srcset=\"https:\/\/www.tc-rot-weiss-froendenberg.de\/wp-content\/uploads\/2018\/08\/1.jpg 800w, https:\/\/www.tc-rot-weiss-froendenberg.de\/wp-content\/uploads\/2018\/08\/1-300x225.jpg 300w, https:\/\/www.tc-rot-weiss-froendenberg.de\/wp-content\/uploads\/2018\/08\/1-400x300.jpg 400w\" sizes=\"auto, (max-width: 800px) 100vw, 800px\" \/><\/a><\/em><\/strong><\/p>\n<p><em>Klicken Sie auf das Bild, um die Bildergalerie aufzurufen.<\/em><\/p>\n<hr \/>\n<p><strong>Neujahrsausflug der TC-Jugend<br \/>\n<a href=\"http:\/\/www.tc-rot-weiss-froendenberg.de\/Neujahrsausflug\/index.html\"><img loading=\"lazy\" decoding=\"async\" class=\"alignleft wp-image-1365 size-large\" src=\"http:\/\/www.tc-rot-weiss-froendenberg.de\/wp-content\/uploads\/2018\/01\/1-1024x768.jpg\" alt=\"\" width=\"584\" height=\"438\" srcset=\"https:\/\/www.tc-rot-weiss-froendenberg.de\/wp-content\/uploads\/2018\/01\/1-1024x768.jpg 1024w, https:\/\/www.tc-rot-weiss-froendenberg.de\/wp-content\/uploads\/2018\/01\/1-300x225.jpg 300w, https:\/\/www.tc-rot-weiss-froendenberg.de\/wp-content\/uploads\/2018\/01\/1-400x300.jpg 400w, https:\/\/www.tc-rot-weiss-froendenberg.de\/wp-content\/uploads\/2018\/01\/1-900x675.jpg 900w, https:\/\/www.tc-rot-weiss-froendenberg.de\/wp-content\/uploads\/2018\/01\/1.jpg 1280w\" sizes=\"auto, (max-width: 584px) 100vw, 584px\" \/><\/a><\/strong><\/p>\n<p><em>Klicken Sie auf das Bild, um die Bildergalerie aufzurufen.<\/em><\/p>\n<hr \/>\n<p><strong>Der TC Rot Weiss Fr\u00f6ndenberg beim 2. Integrationscup im Graf Adolf Stadion<br \/>\n<a href=\"http:\/\/www.tc-rot-weiss-froendenberg.de\/Integrationscup\/index.html\"><img loading=\"lazy\" decoding=\"async\" class=\"alignleft wp-image-1314 size-full\" src=\"http:\/\/www.tc-rot-weiss-froendenberg.de\/wp-content\/uploads\/2017\/09\/IMG-20170905-WA0003.jpg\" alt=\"\" width=\"1280\" height=\"960\" srcset=\"https:\/\/www.tc-rot-weiss-froendenberg.de\/wp-content\/uploads\/2017\/09\/IMG-20170905-WA0003.jpg 1280w, https:\/\/www.tc-rot-weiss-froendenberg.de\/wp-content\/uploads\/2017\/09\/IMG-20170905-WA0003-300x225.jpg 300w, https:\/\/www.tc-rot-weiss-froendenberg.de\/wp-content\/uploads\/2017\/09\/IMG-20170905-WA0003-1024x768.jpg 1024w, https:\/\/www.tc-rot-weiss-froendenberg.de\/wp-content\/uploads\/2017\/09\/IMG-20170905-WA0003-400x300.jpg 400w, https:\/\/www.tc-rot-weiss-froendenberg.de\/wp-content\/uploads\/2017\/09\/IMG-20170905-WA0003-900x675.jpg 900w\" sizes=\"auto, (max-width: 1280px) 100vw, 1280px\" \/><\/a><\/strong><\/p>\n<p><em>Klicken Sie auf das Bild, um die Bildergalerie aufzurufen.<\/em><\/p>\n<hr \/>\n<p><strong>Tenniscamp 2017<br \/>\n<a href=\"http:\/\/www.tc-rot-weiss-froendenberg.de\/Tenniscamp_2017\/index.html\"><img loading=\"lazy\" decoding=\"async\" class=\"alignleft wp-image-1301 size-full\" src=\"http:\/\/www.tc-rot-weiss-froendenberg.de\/wp-content\/uploads\/2017\/08\/DSCF1137.jpg\" alt=\"\" width=\"914\" height=\"526\" srcset=\"https:\/\/www.tc-rot-weiss-froendenberg.de\/wp-content\/uploads\/2017\/08\/DSCF1137.jpg 914w, https:\/\/www.tc-rot-weiss-froendenberg.de\/wp-content\/uploads\/2017\/08\/DSCF1137-300x172.jpg 300w, https:\/\/www.tc-rot-weiss-froendenberg.de\/wp-content\/uploads\/2017\/08\/DSCF1137-500x287.jpg 500w, https:\/\/www.tc-rot-weiss-froendenberg.de\/wp-content\/uploads\/2017\/08\/DSCF1137-900x517.jpg 900w\" sizes=\"auto, (max-width: 914px) 100vw, 914px\" \/><\/a><\/strong><\/p>\n<p><em>Klicken Sie auf das Bild, um die Bildergalerie aufzurufen.<\/em><\/p>\n<hr \/>\n<p><strong>70 Jahre TC Rot-Wei\u00df Fr\u00f6ndenberg 1946 e.V.<br \/>\n<a href=\"http:\/\/www.tc-rot-weiss-froendenberg.de\/Jubilaeum_70_Jahre\/index.html\"><img decoding=\"async\" class=\"alignleft wp-image-1277 size-large\" src=\"http:\/\/www.tc-rot-weiss-froendenberg.de\/wp-content\/uploads\/2016\/10\/20161029_213341-1024x576.jpg\" alt=\"\" width=\"584\" srcset=\"https:\/\/www.tc-rot-weiss-froendenberg.de\/wp-content\/uploads\/2016\/10\/20161029_213341-1024x576.jpg 1024w, https:\/\/www.tc-rot-weiss-froendenberg.de\/wp-content\/uploads\/2016\/10\/20161029_213341-300x168.jpg 300w, https:\/\/www.tc-rot-weiss-froendenberg.de\/wp-content\/uploads\/2016\/10\/20161029_213341-500x281.jpg 500w, https:\/\/www.tc-rot-weiss-froendenberg.de\/wp-content\/uploads\/2016\/10\/20161029_213341-900x506.jpg 900w, https:\/\/www.tc-rot-weiss-froendenberg.de\/wp-content\/uploads\/2016\/10\/20161029_213341.jpg 2048w\" sizes=\"(max-width: 1024px) 100vw, 1024px\" \/><\/a><\/strong><\/p>\n<p><em>Klicken Sie auf das Bild, um die Bildergalerie aufzurufen.<\/em><\/p>\n<hr \/>\n<p><strong>Tenniscamp 2016<br \/>\n<a href=\"http:\/\/www.tc-rot-weiss-froendenberg.de\/Tenniscamp_2016\/index.html\"><img loading=\"lazy\" decoding=\"async\" class=\"alignleft wp-image-1267 size-full\" src=\"http:\/\/www.tc-rot-weiss-froendenberg.de\/wp-content\/uploads\/2016\/08\/8.jpg\" alt=\"\" width=\"800\" height=\"420\" srcset=\"https:\/\/www.tc-rot-weiss-froendenberg.de\/wp-content\/uploads\/2016\/08\/8.jpg 800w, https:\/\/www.tc-rot-weiss-froendenberg.de\/wp-content\/uploads\/2016\/08\/8-300x157.jpg 300w, https:\/\/www.tc-rot-weiss-froendenberg.de\/wp-content\/uploads\/2016\/08\/8-500x262.jpg 500w\" sizes=\"auto, (max-width: 800px) 100vw, 800px\" \/><\/a><\/strong><\/p>\n<p><em>Klicken Sie auf das Bild, um die Bildergalerie aufzurufen.<\/em><\/p>\n<hr \/>\n<p><strong>Vereinsmeisterschaften 2015<\/strong><br \/>\n<a href=\"http:\/\/www.tc-rot-weiss-froendenberg.de\/Clubmeisterschaften2015\/index.html\"><img loading=\"lazy\" decoding=\"async\" class=\"alignleft wp-image-1190 size-large\" src=\"http:\/\/www.tc-rot-weiss-froendenberg.de\/wp-content\/uploads\/2015\/09\/20150920_184737-1024x576.jpg\" alt=\"\" width=\"584\" height=\"328\" srcset=\"https:\/\/www.tc-rot-weiss-froendenberg.de\/wp-content\/uploads\/2015\/09\/20150920_184737-1024x576.jpg 1024w, https:\/\/www.tc-rot-weiss-froendenberg.de\/wp-content\/uploads\/2015\/09\/20150920_184737-300x168.jpg 300w, https:\/\/www.tc-rot-weiss-froendenberg.de\/wp-content\/uploads\/2015\/09\/20150920_184737-500x281.jpg 500w, https:\/\/www.tc-rot-weiss-froendenberg.de\/wp-content\/uploads\/2015\/09\/20150920_184737-900x506.jpg 900w, https:\/\/www.tc-rot-weiss-froendenberg.de\/wp-content\/uploads\/2015\/09\/20150920_184737.jpg 2048w\" sizes=\"auto, (max-width: 584px) 100vw, 584px\" \/><\/a><em>Klicken Sie auf das Bild, um die Bildergalerie aufzurufen.<\/em><\/p>\n<hr \/>\n<p><strong>Tenniscamp 2015<\/strong><br \/>\n<a href=\"http:\/\/www.tc-rot-weiss-froendenberg.de\/Tenniscamp_2015\/index.html\"><img loading=\"lazy\" decoding=\"async\" class=\"alignleft wp-image-1158 size-full\" src=\"http:\/\/www.tc-rot-weiss-froendenberg.de\/wp-content\/uploads\/2015\/08\/11.jpg\" alt=\"\" width=\"800\" height=\"379\" srcset=\"https:\/\/www.tc-rot-weiss-froendenberg.de\/wp-content\/uploads\/2015\/08\/11.jpg 800w, https:\/\/www.tc-rot-weiss-froendenberg.de\/wp-content\/uploads\/2015\/08\/11-300x142.jpg 300w, https:\/\/www.tc-rot-weiss-froendenberg.de\/wp-content\/uploads\/2015\/08\/11-500x236.jpg 500w\" sizes=\"auto, (max-width: 800px) 100vw, 800px\" \/><\/a><em>Klicken Sie auf das Bild, um die Bildergalerie aufzurufen.<\/em><\/p>\n<hr \/>\n<p><strong>Play and Stay EINFACH Tennis spielen &#8230;<\/strong><br \/>\n<a href=\"http:\/\/www.tc-rot-weiss-froendenberg.de\/Play_and_Stay\/index.html\"><img loading=\"lazy\" decoding=\"async\" class=\"alignleft wp-image-1146 size-full\" src=\"http:\/\/www.tc-rot-weiss-froendenberg.de\/wp-content\/uploads\/2015\/08\/15Abschiedsfoto.jpg\" alt=\"\" width=\"800\" height=\"600\" srcset=\"https:\/\/www.tc-rot-weiss-froendenberg.de\/wp-content\/uploads\/2015\/08\/15Abschiedsfoto.jpg 800w, https:\/\/www.tc-rot-weiss-froendenberg.de\/wp-content\/uploads\/2015\/08\/15Abschiedsfoto-300x225.jpg 300w, https:\/\/www.tc-rot-weiss-froendenberg.de\/wp-content\/uploads\/2015\/08\/15Abschiedsfoto-400x300.jpg 400w\" sizes=\"auto, (max-width: 800px) 100vw, 800px\" \/><\/a><em>Klicken Sie auf das Bild, um die Bildergalerie aufzurufen.<\/em><\/p>\n<hr \/>\n<p><strong>Clubmeisterschaften 2014<\/strong><br \/>\n<a href=\"http:\/\/www.tc-rot-weiss-froendenberg.de\/Clubmeisterschaften2014\/index.html\"><img loading=\"lazy\" decoding=\"async\" class=\"alignleft size-full wp-image-711\" src=\"http:\/\/www.tc-rot-weiss-froendenberg.de\/wp-content\/uploads\/2014\/08\/club.jpg\" alt=\"Clubmeisterschaften 2014 TC RW Fr\u00f6ndenberg\" width=\"640\" height=\"360\" \/><\/a><em>Klicken Sie auf das Bild, um die Bildergalerie aufzurufen.<\/em><\/p>\n<hr \/>\n<p><strong>22 Jahre Tennisfreundschaft zwischen dem<br \/>\nTC SW Bad Salzungen und dem TC RW Fr\u00f6ndenberg<\/strong><br \/>\n<a href=\"http:\/\/www.tc-rot-weiss-froendenberg.de\/BadSalzungen\/index.html\"><img loading=\"lazy\" decoding=\"async\" class=\"alignleft size-full wp-image-711\" src=\"http:\/\/www.tc-rot-weiss-froendenberg.de\/wp-content\/uploads\/2014\/08\/salzungen.jpg\" alt=\"Tennisfreundschaft zwischen dem TC SW Bad Salzungen und dem TC RW Fr\u00f6ndenberg\" width=\"640\" height=\"360\" \/><\/a><em>Klicken Sie auf das Bild, um die Bildergalerie aufzurufen.<\/em><\/p>\n<hr \/>\n<p><strong>Jugend-Clubmeisterschaften 2014<\/strong><br \/>\n<a href=\"http:\/\/www.tc-rot-weiss-froendenberg.de\/JugendClubmeisterschaften2014\/index.html\"><img loading=\"lazy\" decoding=\"async\" class=\"alignleft size-full wp-image-711\" src=\"http:\/\/www.tc-rot-weiss-froendenberg.de\/wp-content\/uploads\/2014\/08\/Futen19b.jpg\" alt=\"Tennisfu\u00dfball5\" width=\"640\" height=\"360\" \/><\/a><em>Klicken Sie auf das Bild, um die Bildergalerie aufzurufen.<\/em><\/p>\n<hr \/>\n<p><strong>Fu\u00dfballtennis-Turnier 2014<\/strong><br \/>\n<a href=\"http:\/\/www.tc-rot-weiss-froendenberg.de\/Tennisfussball2014\/index.html\"><img loading=\"lazy\" decoding=\"async\" class=\"alignleft size-full wp-image-711\" src=\"http:\/\/www.tc-rot-weiss-froendenberg.de\/wp-content\/uploads\/2014\/08\/Futen18b.jpg\" alt=\"Tennisfu\u00dfball5\" width=\"640\" height=\"360\" \/><\/a><em>Klicken Sie auf das Bild, um die Bildergalerie aufzurufen.<\/em><\/p>\n<hr \/>\n<p><strong>Tenniscamp 2014<\/strong><br \/>\n<a href=\"http:\/\/www.tc-rot-weiss-froendenberg.de\/Tenniscamp2014\/index.html\"><img loading=\"lazy\" decoding=\"async\" class=\"alignleft size-full wp-image-701\" src=\"http:\/\/www.tc-rot-weiss-froendenberg.de\/wp-content\/uploads\/2014\/08\/tenniscamp7b.jpg\" alt=\"Tenniscamp3\" width=\"640\" height=\"360\" \/><\/a><em>Klicken Sie auf das Bild, um die Bildergalerie aufzurufen.<\/em><\/p>\n<hr \/>\n<p><strong>Fu\u00dfballtennis-Turnier 2013<\/strong><br \/>\n<a href=\"http:\/\/www.tc-rot-weiss-froendenberg.de\/Tennisfussball\/index.html\"><img loading=\"lazy\" decoding=\"async\" class=\"alignleft size-full wp-image-711\" src=\"http:\/\/www.tc-rot-weiss-froendenberg.de\/wp-content\/uploads\/2013\/09\/Tennisfussball5.jpg\" alt=\"Tennisfu\u00dfball5\" width=\"640\" height=\"360\" \/><\/a><em>Klicken Sie auf das Bild, um die Bildergalerie aufzurufen.<\/em><\/p>\n<hr \/>\n<p><strong>Tenniscamp 2013<\/strong><br \/>\n<a href=\"http:\/\/www.tc-rot-weiss-froendenberg.de\/Tenniscamp2013\/index.html\"><img loading=\"lazy\" decoding=\"async\" class=\"alignleft size-full wp-image-701\" src=\"http:\/\/www.tc-rot-weiss-froendenberg.de\/wp-content\/uploads\/2013\/09\/Tenniscamp3.jpg\" alt=\"Tenniscamp3\" width=\"640\" height=\"360\" srcset=\"https:\/\/www.tc-rot-weiss-froendenberg.de\/wp-content\/uploads\/2013\/09\/Tenniscamp3.jpg 640w, https:\/\/www.tc-rot-weiss-froendenberg.de\/wp-content\/uploads\/2013\/09\/Tenniscamp3-300x168.jpg 300w, https:\/\/www.tc-rot-weiss-froendenberg.de\/wp-content\/uploads\/2013\/09\/Tenniscamp3-500x281.jpg 500w\" sizes=\"auto, (max-width: 640px) 100vw, 640px\" \/><\/a><em>Klicken Sie auf das Bild, um die Bildergalerie aufzurufen.<\/em><\/p>\n<hr \/>\n<p><strong>Clubmeisterschaft 2012<\/strong><br \/>\n<a href=\"http:\/\/www.tc-rot-weiss-froendenberg.de\/Clubmeister2012\/index.html\"><img loading=\"lazy\" decoding=\"async\" class=\" wp-image-417 alignleft\" title=\"P1030864\" src=\"http:\/\/www.tc-rot-weiss-froendenberg.de\/wp-content\/uploads\/2012\/09\/P10308641-1024x768.jpg\" alt=\"\" width=\"584\" height=\"438\" srcset=\"https:\/\/www.tc-rot-weiss-froendenberg.de\/wp-content\/uploads\/2012\/09\/P10308641-1024x768.jpg 1024w, https:\/\/www.tc-rot-weiss-froendenberg.de\/wp-content\/uploads\/2012\/09\/P10308641-300x225.jpg 300w, https:\/\/www.tc-rot-weiss-froendenberg.de\/wp-content\/uploads\/2012\/09\/P10308641-400x300.jpg 400w, https:\/\/www.tc-rot-weiss-froendenberg.de\/wp-content\/uploads\/2012\/09\/P10308641.jpg 1280w\" sizes=\"auto, (max-width: 584px) 100vw, 584px\" \/><\/a><em>Klicken Sie auf das Bild, um die Bildergalerie aufzurufen.<\/em><\/p>\n<hr \/>\n<p><strong>Bilder aus dem Vereinsleben des TC-Rot-Weiss-Fr\u00f6ndenberg<\/strong><br \/>\n<a href=\"http:\/\/www.tc-rot-weiss-froendenberg.de\/Rotweiss\/index.html\"><img loading=\"lazy\" decoding=\"async\" class=\" wp-image-418 alignleft\" title=\"Collage_e\" src=\"http:\/\/www.tc-rot-weiss-froendenberg.de\/wp-content\/uploads\/2012\/09\/Collage_e.jpg\" alt=\"\" width=\"1024\" height=\"576\" srcset=\"https:\/\/www.tc-rot-weiss-froendenberg.de\/wp-content\/uploads\/2012\/09\/Collage_e.jpg 1024w, https:\/\/www.tc-rot-weiss-froendenberg.de\/wp-content\/uploads\/2012\/09\/Collage_e-300x168.jpg 300w, https:\/\/www.tc-rot-weiss-froendenberg.de\/wp-content\/uploads\/2012\/09\/Collage_e-500x281.jpg 500w\" sizes=\"auto, (max-width: 1024px) 100vw, 1024px\" \/><\/a><em>Klicken Sie auf das Bild, um die Bildergalerie aufzurufen.<\/em><\/p>\n<hr \/>\n<p><strong>20 Jahre Tennisfreundschaft zwischen dem TC Schwarz-Wei\u00df 1913 Bad Salzungen e.V. und dem TC Rot-Wei\u00df Fr\u00f6ndenberg 1946 e.V.<br \/>\n<\/strong><br \/>\n<a href=\"http:\/\/www.tc-rot-weiss-froendenberg.de\/20Jahre\/index.html\"><img loading=\"lazy\" decoding=\"async\" class=\" wp-image-418 alignleft\" title=\"Collage_e\" src=\"http:\/\/www.tc-rot-weiss-froendenberg.de\/wp-content\/uploads\/2012\/10\/SAM_0265.jpg\" alt=\"\" width=\"1024\" height=\"576\" \/><\/a><em>Klicken Sie auf das Bild, um die Bildergalerie aufzurufen.<\/em><\/p>\n\n\t<span class=\"fbreplace\">\n\t<!-- FBML <div class=\"fb-like\" data-href=\"https:\/\/www.tc-rot-weiss-froendenberg.de\/?page_id=416\" data-send=\"true\" data-layout=\"standard\" data-width=\"450\" show_faces=\"true\" data-action=\"like\" data-font=\"\" style=\"margin: 0px 0px 0px 0px;\"><\/div> FBML -->\n\t<\/span>\n\t\n","protected":false},"excerpt":{"rendered":"<p>Schleifchenturnier am 17.09.2022 Klicken Sie auf das Bild, um die Bildergalerie aufzurufen. Clubmeisterschaften 2019 Klicken Sie auf das Bild, um die Bildergalerie aufzurufen. Integrationscup 2019 \u00a0 Vereinspokal 2019 Klicken Sie auf das Bild, um die Bildergalerie aufzurufen. Sommerfest mit Schleifchentunier 2019 Klicken Sie auf das Bild, um die Bildergalerie aufzurufen. Anspielfest 2019 Klicken Sie auf [&hellip;]<\/p>\n","protected":false},"author":1,"featured_media":0,"parent":0,"menu_order":0,"comment_status":"closed","ping_status":"closed","template":"sidebar-page.php","meta":{"footnotes":""},"class_list":["post-416","page","type-page","status-publish","hentry"],"_links":{"self":[{"href":"https:\/\/www.tc-rot-weiss-froendenberg.de\/index.php?rest_route=\/wp\/v2\/pages\/416","targetHints":{"allow":["GET"]}}],"collection":[{"href":"https:\/\/www.tc-rot-weiss-froendenberg.de\/index.php?rest_route=\/wp\/v2\/pages"}],"about":[{"href":"https:\/\/www.tc-rot-weiss-froendenberg.de\/index.php?rest_route=\/wp\/v2\/types\/page"}],"author":[{"embeddable":true,"href":"https:\/\/www.tc-rot-weiss-froendenberg.de\/index.php?rest_route=\/wp\/v2\/users\/1"}],"replies":[{"embeddable":true,"href":"https:\/\/www.tc-rot-weiss-froendenberg.de\/index.php?rest_route=%2Fwp%2Fv2%2Fcomments&post=416"}],"version-history":[{"count":61,"href":"https:\/\/www.tc-rot-weiss-froendenberg.de\/index.php?rest_route=\/wp\/v2\/pages\/416\/revisions"}],"predecessor-version":[{"id":1917,"href":"https:\/\/www.tc-rot-weiss-froendenberg.de\/index.php?rest_route=\/wp\/v2\/pages\/416\/revisions\/1917"}],"wp:attachment":[{"href":"https:\/\/www.tc-rot-weiss-froendenberg.de\/index.php?rest_route=%2Fwp%2Fv2%2Fmedia&parent=416"}],"curies":[{"name":"wp","href":"https:\/\/api.w.org\/{rel}","templated":true}]}}